-3) - 66/(-9). Calculate u(h).
2
Let y(s) = -s - 40. Let t(p) = 2*p**2 - 7*p - 12. Let d be t(0). Calculate y(d).
-28
Let h(b) = 8*b**3 + 2*b**2 - 2*b + 1. Suppose 0 = -4*w - 465 + 469. Calculate h(w).
9
Let o(r) = 2*r + 8. Let s = -851 + 845. Give o(s).
-4
Let a(b) = 2*b**3 + 2*b + 1. Let m = -271 - -270. Give a(m).
-3
Suppose -30*n - 186 - 24 = 0. Let k(c) = c**2 + 5*c - 14. Calculate k(n).
0
Let t(i) be the second derivative of -i**3/6 + 11*i**2/2 - 54*i. Calculate t(9).
2
Let v(w) = 2*w + 18. Suppose -28*k - 448 = -112. Calculate v(k).
-6
Let o(x) = x**2 - 12*x + 14. Suppose 2*q + 0 - 22 = 0. What is o(q)?
3
Let p = 16 - 9. Suppose 3*b + 8 = -p. Let x(m) = 6*m**2 + 9*m + 3. Let o(r) = 5*r**2 + 8*r + 3. Let w(l) = 5*o(l) - 4*x(l). Determine w(b).
8
Let z = -2 + -59. Let g = 61 + z. Let r(k) = k**3 + k - 2. Give r(g).
-2
Let m = -120 - -140. Let o be 90/m*(-4)/6. Let p(c) = -3*c**2 - 3*c. Give p(o).
-18
Let k(o) = -o**2 - 11*o + 4. Let w be k(-11). Let m(v) be the first derivative of -v**2/2 + v - 1. Let f(x) = -3*x + 9. Let q(g) = w*m(g) - f(g). What is q(-4)?
-1
Let o(y) = -y**3 + y**2 + 7. Let b = -37 - -52. Let s = 15 - b. What is o(s)?
7
Let v(o) = o**3 + 5*o**2 - 7*o. Let u be (14/4)/(2/4). Let d = 10 - u. Suppose 3*b = d*n + 6, -46 = -3*n + 8*n + 4*b. Calculate v(n).
6
Let c(s) = -s**3 - s**2 - 3*s + 2. Let m(g) = -3*g**3 - g**2 - 7*g + 3. Let i(r) = 5*c(r) - 2*m(r). Let v be i(2). Let j(w) = 3*w - 2. Determine j(v).
-8
Let l(r) = 10*r**3 - 5*r**2 - 3*r + 27. Let u(j) = 3*j**3 - j**2 - j + 9. Let g(v) = 2*l(v) - 7*u(v). Calculate g(-4).
3
Let l(g) = -7*g**2 + 4*g + 1. Let a(u) = 11*u**2 - 6*u - 1. Let f(v) = 5*a(v) + 8*l(v). Give f(-2).
-5
Let d(i) = -6 - 25242*i + 2 + 25240*i. What is d(-4)?
4
Let n(l) = l + 10. Let i be (-3 - -4)*(2 - 2). Let a be n(i). Let p = 16 - a. Let u(w) = -w**3 + 7*w**2 - 6*w + 7. Determine u(p).
7
Let k(c) = c**2 - 9*c - 1. Let v(n) = 2*n**2 - 18*n - 6. Let y(h) = -5*k(h) + 3*v(h). Give y(8).
-21
Suppose -4*r = -9*r + 10. Let i = 61 - 56. Let d(u) = 3*u - 3 - r*u - u**2 + i*u**2 - 3*u**2. What is d(-4)?
9
Let j = -675 + 691. Let s(q) = -q**2 + 16*q - 6. What is s(j)?
-6
Suppose 13*x - 17 = 9. Let v(c) be the third derivative of 1/12*c**5 - 13*c**x + 1/8*c**4 + 0*c**3 + 0*c + 1/120*c**6 + 0. Give v(-4).
4
Let g(s) be the third derivative of -s**6/120 + s**5/15 + 5*s**4/24 - 5*s**3/6 - 2*s**2. Let l(u) = u**3 + 9*u**2 - 24*u - 17. Let y be l(-11). What is g(y)?
-5
Let a(d) = d**2. Let i(o) = -5*o**2 + 3*o + 3. Let k(q) = 3*a(q) + i(q). Suppose -5*r = -4*x - 2 - 2, -2*r - 4*x = -24. Let l = 7 - r. Calculate k(l).
-6
Let r(c) = -c**2 - 19*c - 5. Suppose -2*o - 3*h = 50, -12*o + 15*o = -3*h - 69. Give r(o).
-5
Let o(y) = 7*y + 4. Let p be o(-2). Let h be (-10)/3 + p/15. Let k be h + (0 - 1) + 4. Let a(l) = -15*l - 1. What is a(k)?
14
Let d = -14 - -16. Let c(w) = -6*w + 13 + w**d + 2*w**2 - 19 - 2*w**2. What is c(6)?
-6
Let z = 1314 - 1320. Let n(a) be the first derivative of -a**3/3 - 5*a**2/2 + 8*a + 1. What is n(z)?
2
Let b(d) = -3 - d**3 + 2*d**3 + d + 0*d**3. Let h(p) = -3*p**2 + 6*p. Let s be h(2). Suppose 4*v - 4 = -2*l, s = -v + 4*v + 5*l - 10. What is b(v)?
-3
Suppose 3*j - 5*j = 8. Let u(t) = -28*t - 8. Let i be u(-1). Let f(q) = 6 + i*q**2 + 2*q + 0*q - 19*q**2. What is f(j)?
14
Let h = 282 + -286. Let q = 16 + -9. Let a(b) = -q*b - 2*b**2 - b**3 - 6 - b**2 - 2*b**2. Calculate a(h).
6
Let h(a) = -3 + 5355*a - a**3 - 5359*a + 0*a**2 - 2*a**2 + 0*a**2. Determine h(-2).
5
Let z(t) be the third derivative of -t**5/30 - 7*t**4/24 - t**3 + 689*t**2. What is z(-5)?
-21
Let a(j) = -j**2 + 2*j - 3*j**3 - 8*j**2 + 2*j**3 - 43 + 56. Give a(-9).
-5
Let a(m) = -m**3 - 10*m**2 + 12. Let v(z) = 3*z**3 + 31*z**2 + z - 37. Let p(t) = -7*a(t) - 2*v(t). What is p(-8)?
6
Let l(n) = -3*n - 14. Suppose 5*m - 7 = 6*m. Calculate l(m).
7
Let n(m) = -2*m + 784 - 5*m**2 - 785 + 0*m + m**3. Let a = -21 + 26. Calculate n(a).
-11
Let j(g) = -g - 3. Suppose 0 = -2*x - 4*y - 14, 4*x + 0*y - y + 19 = 0. Determine j(x).
2
Suppose 0 = -3*s + 6*s - 6. Let j(h) be the first derivative of -4*h**3/3 + h**2 + 2*h - 28. Calculate j(s).
-10
Suppose -4*g = -6*g + 6. Let y(l) = -4*l**2 + l - 11. Let r(f) = 21*f**2 - 4*f + 60. Let h(j) = -2*r(j) - 11*y(j). Calculate h(g).
10
Suppose -4*y + 22*a = 23*a + 1, 4*a = -y - 4. Let i(n) = -n + 20. Give i(y).
20
Let r(a) be the second derivative of -a**5/20 - 5*a**4/12 - a**3/6 + 14*a + 2. Determine r(-4).
-12
Let d(q) = -q**2 + 6*q + 2. Suppose 667 = -15*l - 188. Let p = l - -62. Determine d(p).
7
Let i(z) = -z**2 - 6*z - 6. Let y = 45 - 14. Let p = -35 + y. Give i(p).
2
Let u(v) = 2*v + 11. Let x be 102/(-10) - ((-240)/(-50) + -5). Give u(x).
-9
Let i(c) = -c**3 - 4*c**2 + 6*c + 8. Let x be i(-5). Suppose 4 = -x*y + 28. Let u(t) = 3*t - 15 + t + y - 3*t. Calculate u(6).
-1
Suppose 2*q = 5*x + 26, 4*q + 0*x = -x + 8. Suppose -24 = 3*h + q*r - 7*r, 2*h + 5*r - 7 = 0. Let s(l) = -l**3 - 4*l**2 - 3*l. Determine s(h).
12
Let z(b) be the second derivative of -b**4/12 + 3*b**3/2 - 13*b**2/2 - 126*b - 1. Determine z(10).
-23
Let y(i) = -10*i - 11. Let q(k) = k + 2. Let l(h) = 6*q(h) + y(h). Determine l(3).
-11
Let s(n) = 2*n**2 + 8*n + 8. Let j be s(-4). Let d = 12 - j. Let a(o) = o**2 - 4*o. Let y be a(d). Let h(t) = t - 13. What is h(y)?
-13
Let f = 23 - 24. Let m be (-66)/(-30) + f/5. Suppose -4*w + w = 2*o - 14, m*o - 2 = 3*w. Let c(k) = -k**2 + 5*k - 1. Calculate c(o).
3
Let p(m) be the third derivative of -m**5/60 + m**4/4 - m**3/3 + 7*m**2 - m. Give p(7).
-9
Let g(i) = i**3 - 10*i**2 + i - 25. Let u(s) = -s**3 - s**2 - 2*s. Let o(w) = -g(w) - 2*u(w). Give o(-12).
-11
Let q(m) be the second derivative of -m**3/6 + 5*m**2/2 + 48*m. What is q(4)?
1
Suppose 4*w + 15 = l + 6, -w = 2*l - 18. Let z(c) = -c**2 + 11*c - 13. Let g be z(l). Let n(x) = -3*x + 2*x - 3 - 2*x + g*x. Give n(5).
7
Let x(y) = -6*y + 9. Suppose 1 = -2*s - 15. Let v(t) = 2*t - 3. Let p(r) = s*v(r) - 3*x(r). Determine p(2).
1
Let a(f) = f - 1. Suppose -3 = -8*l - 19. What is a(l)?
-3
Let l = 90 + -70. Suppose 2*h = -44 + 12. Let g = l + h. Let v(x) = x**2 - 5*x + 4. Calculate v(g).
0
Let z(r) = -9*r - 2. Let u(a) = 26*a + 7. Let b(i) = 3*u(i) + 8*z(i). Calculate b(-4).
-19
Let g(a) = -3*a**2 - a - 2. Let v be 2/(-6 - 32/(-8)). What is g(v)?
-4
Let x(n) be the first derivative of n**4/4 - 5*n**3/3 - 3*n**2 + 6*n + 6. Let d = 99 + -93. What is x(d)?
6
Let f be -3*(-72)/3 - 0. Let g(r) = -f*r**2 + 1 - 2 + 75*r**2. Let j be (-3)/3*(-1 + 2). Give g(j).
2
Let x = 34 - 31. Suppose 2*y + h = -2, -2*y - 5*h = x*y + 10. Let n(b) = -b**3 - b**2 + 3. Determine n(y).
3
Let f(i) be the second derivative of -i**6/720 - i**5/60 + 13*i**4/12 - 3*i. Let d(s) be the third derivative of f(s). Calculate d(-4).
2
Let c(i) = -i**3 + 4*i**2 + 6*i. Let x be c(5). Let o(k) = -k**3 + 5*k**2 - k - 2. Calculate o(x).
-7
Let u(w) = -70*w + 12. Let f be u(0). Let x(z) = z**3 - 11*z**2 - 13*z + 4. Give x(f).
-8
Let s(o) = -2*o + 2. Suppose 289 = n + 295. What is s(n)?
14
Let s(m) = 11*m**2 - 4. Let b(n) = 2*n**2 + n - 1. Let j(i) = -5*b(i) + s(i). Calculate j(5).
1
Let m(q) be the first derivative of -3*q**4/4 + q**3/3 + q**2 + q - 54. Give m(-1).
3
Suppose 2*k = 6*k + v - 43, -5*v - 37 = -k. Let y(u) = u**2 - 15*u + 15. What is y(k)?
-21
Suppose 2*u - 5*u = 12. Let t(x) = -x**2 - 4*x - 4. Calculate t(u).
-4
Let r(j) = -4 - j - 2*j + 6*j + 7. Let z be 96/(6/(-1)) + 13. Calculate r(z).
-6
Let r be (-4)/(-32) + (-62)/(-16). Let c(h) = h**2 + 9*h - 5. Let n be c(-10). Let d(l) = -n*l - 3*l**3 + r*l**3 + 5*l. Determine d(0).
0
Suppose -4*z = 2*v - 24, 54*v - 18 = -3*z + 59*v. Let a(y) = y**2 - y - 4. What is a(z)?
26
Suppose 3*i - i = 0. Suppose -4 = q - i. Let p be q*-10*(-3)/(-24). Let w(s) = s - 7. Calculate w(p).
-2
Suppose 2*q - 4 = 2*h, 1 = -3*h - 5. Let j(x) = x**2 - x - 7. Give j(q).
-7
Let r(c) = -c**2 - c + 3. Let l = 11 - 9. Suppose 16 = l*v - q - 6, 5*v = 5*q + 60. Let f = 10 - v. What is r(f)?
3
Suppose 0 = 2*v - 6, 2*v - 16 = 3*x - x. Let q(r) = -r**2 - 4*r + 3. Let g(s) = -2*s**2 - 8*s + 5. Let b(n) = 4*g(n) - 7*q(n). Calculate b(x).
-6
Let l be (0 - (-2)/3) + 28/12. Let d(g) be the first derivative of -g**4/4 + 4*g**3/3 - g**2 - 2*g + 3. Determine d(l).
1